{"id":294,"date":"2022-09-19T16:07:12","date_gmt":"2022-09-19T16:07:12","guid":{"rendered":"http:\/\/aqb.hosting.ininet.hu\/?page_id=294"},"modified":"2026-01-15T14:17:15","modified_gmt":"2026-01-15T14:17:15","slug":"press-archive","status":"publish","type":"page","link":"https:\/\/aqb.hu\/hu\/press-archive\/","title":{"rendered":"Sajt\u00f3 arch\u00edvum"},"content":{"rendered":"<div class=\"wp-block-columns is-layout-flex wp-container-core-columns-is-layout-9d6595d7 wp-block-columns-is-layout-flex\">\n<div class=\"wp-block-column is-layout-flow wp-block-column-is-layout-flow\">\n<figure class=\"wp-block-embed is-type-video is-provider-youtube wp-block-embed-youtube wp-embed-aspect-16-9 wp-has-aspect-ratio\"><div class=\"wp-block-embed__wrapper\">\n<iframe loading=\"lazy\" title=\"Art Quarter k\u00f6z\u00f6ss\u00e9gi t\u00e9r\" width=\"640\" height=\"360\" src=\"https:\/\/www.youtube.com\/embed\/Quoqsrxyv8k?feature=oembed\" frameborder=\"0\" allow=\"accelerometer; autoplay; clipboard-write; encrypted-media; gyroscope; picture-in-picture; web-share\" referrerpolicy=\"strict-origin-when-cross-origin\" allowfullscreen><\/iframe>\n<\/div><\/figure>\n<\/div>\n\n\n\n<div class=\"wp-block-column is-layout-flow wp-block-column-is-layout-flow\">\n<figure class=\"wp-block-embed is-type-video is-provider-youtube wp-block-embed-youtube wp-embed-aspect-16-9 wp-has-aspect-ratio\"><div class=\"wp-block-embed__wrapper\">\n<iframe loading=\"lazy\" title=\"Vizualit\u00e1s \u00e9s kult\u00farak\u00f6zvet\u00edt\u00e9s Budapesten  \u2013 Art Quarter Budapest\" width=\"640\" height=\"360\" src=\"https:\/\/www.youtube.com\/embed\/DGc06niJHww?feature=oembed\" frameborder=\"0\" allow=\"accelerometer; autoplay; clipboard-write; encrypted-media; gyroscope; picture-in-picture; web-share\" referrerpolicy=\"strict-origin-when-cross-origin\" allowfullscreen><\/iframe>\n<\/div><\/figure>\n<\/div>\n\n\n\n<div class=\"wp-block-column is-layout-flow wp-block-column-is-layout-flow\">\n<figure class=\"wp-block-embed is-type-video is-provider-youtube wp-block-embed-youtube wp-embed-aspect-16-9 wp-has-aspect-ratio\"><div class=\"wp-block-embed__wrapper\">\n<iframe loading=\"lazy\" title=\"&quot;Biztos, hogy kisz\u00e1llsz?&quot; - v\u00e1logatott nemzetk\u00f6zi ki\u00e1ll\u00edt\u00e1s az ArtQuarter Budapestben\" width=\"640\" height=\"360\" src=\"https:\/\/www.youtube.com\/embed\/WMIpTUgZL0I?feature=oembed\" frameborder=\"0\" allow=\"accelerometer; autoplay; clipboard-write; encrypted-media; gyroscope; picture-in-picture; web-share\" referrerpolicy=\"strict-origin-when-cross-origin\" allowfullscreen><\/iframe>\n<\/div><\/figure>\n<\/div>\n<\/div>\n\n\n\n<p><a rel=\"noreferrer noopener\" href=\"https:\/\/exindex.hu\/kritika\/a-technikai-kep-ikonologiaja\/\" data-type=\"URL\" data-id=\"https:\/\/exindex.hu\/kritika\/a-technikai-kep-ikonologiaja\/\" target=\"_blank\">Hornyik S\u00e1ndor: A technikai k\u00e9p ikonol\u00f3gi\u00e1ja &#8211; Harun Farocki Ahogy l\u00e1tunk c\u00edm\u0171 ki\u00e1ll\u00edt\u00e1sa (exindex)<\/a><\/p>\n\n\n\n<p><a rel=\"noreferrer noopener\" href=\"https:\/\/amu.hvg.hu\/2022\/09\/22\/munka-megfigyeles-es-haboru-harun-farocki-az-aqb-ben\/\" target=\"_blank\">Bihari \u00c1gnes: Munka, megfigyel\u00e9s \u00e9s h\u00e1bor\u00fa. Harun Farocki az aqb-ben (A m\u0171)<\/a><\/p>\n\n\n\n<p><a rel=\"noreferrer noopener\" href=\"https:\/\/artportal.hu\/magazin\/a-szem-mutatja-mibol-vagyunk-harun-farocki-az-aqb-ben\/\" target=\"_blank\">Borsik Mikl\u00f3s: \u201eA szem mutatja, mib\u0151l vagyunk\u201d \u2013 Harun Farocki az AQB-ben (artportal)<\/a><\/p>\n\n\n\n<p><a rel=\"noreferrer noopener\" href=\"https:\/\/artportal.hu\/program\/are-you-sure-you-want-to-leave\/\" target=\"_blank\">ARE YOU SURE YOU WANT TO LEAVE? (artportal)<\/a><\/p>\n\n\n\n<p><a href=\"https:\/\/ujmuveszet.hu\/kunszt\/kerem-vigyazzanak-az-ajtok-zarodnak\/\" target=\"_blank\" rel=\"noreferrer noopener\">S\u00e1rai Vanda: K\u00e9rem, vigy\u00e1zzanak, az ajt\u00f3k z\u00e1r\u00f3dnak! Are you sure you want to leave? @ art quarter Budapest (\u00dajM\u0171v\u00e9szet)<\/a><\/p>\n\n\n\n<p><a href=\"http:\/\/www.aoe-ratgeber.at\/hu\/osztrak-kulturalis-forum-budapest\/rendezvenyeink\/esemeny\/article\/biztos-hogy-kiszallsz\/\" target=\"_blank\" rel=\"noreferrer noopener\">Osztr\u00e1k Kultur\u00e1lis F\u00f3rum Budapest &#8211; BIZTOS, HOGY KISZ\u00c1LLSZ?<\/a><\/p>\n\n\n\n<p><a href=\"https:\/\/exindex.hu\/kritika\/apokaliptikus-szimulaciok\/\" data-type=\"URL\" data-id=\"https:\/\/exindex.hu\/kritika\/apokaliptikus-szimulaciok\/\" target=\"_blank\" rel=\"noreferrer noopener\">Hornyik S\u00e1ndor: Apokaliptikus szimul\u00e1ci\u00f3k. Atemwende Drezd\u00e1ban \u00e9s Budapesten (exindex)<\/a><\/p>\n\n\n\n<p><a rel=\"noreferrer noopener\" href=\"https:\/\/artportal.hu\/magazin\/kelet-mult-jovo-a-drezdai-ostrale-biennale-021-szatelit-kiallitasa-az-aqb-ben\/\" target=\"_blank\">T\u00f3th Lili Rebeka: Kelet, m\u00falt, j\u00f6v\u0151 \u2014 a drezdai OSTRALE Biennale 021 szatelit ki\u00e1ll\u00edt\u00e1sa az AQB-ben (artportal)<\/a><\/p>\n\n\n\n<p><a href=\"https:\/\/artportal.hu\/magazin\/meneteles-az-igeret-foldje-fele-techno-worlds-aqb\/\" data-type=\"URL\" data-id=\"https:\/\/artportal.hu\/magazin\/meneteles-az-igeret-foldje-fele-techno-worlds-aqb\/\" target=\"_blank\" rel=\"noreferrer noopener\">T\u00f3th Lili Rebeka: Menetel\u00e9s az \u00cdg\u00e9ret f\u00f6ldje fel\u00e9. Techno Worlds, aqb (artportal)<\/a><\/p>\n\n\n\n<p><a rel=\"noreferrer noopener\" href=\"https:\/\/artportal.hu\/magazin\/felkavaro-jovokepek-a-melyben\/\" data-type=\"URL\" data-id=\"https:\/\/artportal.hu\/magazin\/felkavaro-jovokepek-a-melyben\/\" target=\"_blank\">So\u00f3s Andrea: Felkavar\u00f3 j\u00f6v\u0151k\u00e9pek a m\u00e9lyben (artportal)<\/a> <\/p>\n\n\n\n<p><a href=\"https:\/\/artportal.hu\/magazin\/aqb-open-house-muvhaz-a-varos-szelen\/\" data-type=\"URL\" data-id=\"https:\/\/artportal.hu\/magazin\/aqb-open-house-muvhaz-a-varos-szelen\/\" target=\"_blank\" rel=\"noreferrer noopener\">Erdei Kriszta: AQB Open House: m\u0171vh\u00e1z a v\u00e1ros sz\u00e9l\u00e9n (artportal)<\/a><\/p>\n\n\n\n<p><a href=\"https:\/\/ujmuveszet.hu\/kunszt\/techno-technobb-legtechnobb\/\" data-type=\"URL\" data-id=\"https:\/\/ujmuveszet.hu\/kunszt\/techno-technobb-legtechnobb\/\" target=\"_blank\" rel=\"noreferrer noopener\">S\u00e1rai Vanda: Techno, techn\u00f3bb, legtechn\u00f3bb &#8211; Techno Worlds (\u00dajM\u0171v\u00e9szet)<\/a><\/p>\n\n\n\n<p><a href=\"http:\/\/artkartell.hu\/component\/k2\/421-techno-kult-a-pincetol-a-padlasig\" data-type=\"URL\" data-id=\"http:\/\/artkartell.hu\/component\/k2\/421-techno-kult-a-pincetol-a-padlasig\" target=\"_blank\" rel=\"noreferrer noopener\">K\u00e1llai M. Kata: Techno kult a pinc\u00e9t\u0151l a padl\u00e1sig (Artkartell)<\/a><\/p>\n\n\n\n<p><a rel=\"noreferrer noopener\" href=\"https:\/\/www.prae.hu\/article\/12366-a-techno-mint-eleterzes\/\" data-type=\"URL\" data-id=\"https:\/\/www.prae.hu\/article\/12366-a-techno-mint-eleterzes\/\" target=\"_blank\">Hont J\u00e1zmin: A techno mint \u00e9let\u00e9rz\u00e9s &#8211; Ut\u00f3zeng\u00e9s: a Techno Worldsr\u0151l az Art Quarter Budapestben (Prae)<\/a><\/p>\n\n\n\n<p><a href=\"https:\/\/www.artmagazin.hu\/articles\/hir\/budapesten_kezdi_meg_vilagkoruli_utjat_a_nemzetkozi_jelentosegu_techno_kiallitas_mar_latogathato_a_techno_worlds\" data-type=\"URL\" data-id=\"https:\/\/www.artmagazin.hu\/articles\/hir\/budapesten_kezdi_meg_vilagkoruli_utjat_a_nemzetkozi_jelentosegu_techno_kiallitas_mar_latogathato_a_techno_worlds\" target=\"_blank\" rel=\"noreferrer noopener\">Budapesten kezdi meg vil\u00e1gk\u00f6r\u00fcli \u00fatj\u00e1t a nemzetk\u00f6zi jelent\u0151s\u00e9g\u0171 techno ki\u00e1ll\u00edt\u00e1s \u2013 m\u00e1r l\u00e1togathat\u00f3 a Techno Worlds (Artmagazin)<\/a><\/p>\n\n\n\n<p><a rel=\"noreferrer noopener\" href=\"https:\/\/phenom.hu\/budapesten-jon-letre-eloszor-az-a-negy-emeleten-megvalosulo-kiallitas-ami-a-technoval-kapcsolatos-temakat-es-diskurzusokat-jarja-korul\/\" data-type=\"URL\" data-id=\"https:\/\/phenom.hu\/budapesten-jon-letre-eloszor-az-a-negy-emeleten-megvalosulo-kiallitas-ami-a-technoval-kapcsolatos-temakat-es-diskurzusokat-jarja-korul\/\" target=\"_blank\">TECHNO WORLDS (Phenom)<\/a><\/p>\n\n\n\n<p><a href=\"https:\/\/tilos.hu\/episode\/megtervezett-valosag\/2021\/08\/31\" data-type=\"URL\" data-id=\"https:\/\/tilos.hu\/episode\/megtervezett-valosag\/2021\/08\/31\" target=\"_blank\" rel=\"noreferrer noopener\">Kint \u00e9s bent &#8211; Techno Worlds (Tilos R\u00e1di\u00f3)<\/a><\/p>","protected":false},"excerpt":{"rendered":"<p>Hornyik S\u00e1ndor: A technikai k\u00e9p ikonol\u00f3gi\u00e1ja &#8211; Harun Farocki Ahogy l\u00e1tunk c\u00edm\u0171 ki\u00e1ll\u00edt\u00e1sa (exindex) Bihari \u00c1gnes: Munka, megfigyel\u00e9s \u00e9s h\u00e1bor\u00fa. Harun Farocki az aqb-ben (A m\u0171) Borsik Mikl\u00f3s: \u201eA szem mutatja, mib\u0151l vagyunk\u201d \u2013 Harun Farocki az AQB-ben (artportal) ARE YOU SURE YOU WANT TO LEAVE? (artportal) S\u00e1rai Vanda: K\u00e9rem, vigy\u00e1zzanak, az ajt\u00f3k z\u00e1r\u00f3dnak! Are [&hellip;]<\/p>\n","protected":false},"author":1,"featured_media":0,"parent":0,"menu_order":0,"comment_status":"closed","ping_status":"closed","template":"","meta":{"footnotes":""},"class_list":["post-294","page","type-page","status-publish","hentry"],"acf":[],"_links":{"self":[{"href":"https:\/\/aqb.hu\/hu\/wp-json\/wp\/v2\/pages\/294","targetHints":{"allow":["GET"]}}],"collection":[{"href":"https:\/\/aqb.hu\/hu\/wp-json\/wp\/v2\/pages"}],"about":[{"href":"https:\/\/aqb.hu\/hu\/wp-json\/wp\/v2\/types\/page"}],"author":[{"embeddable":true,"href":"https:\/\/aqb.hu\/hu\/wp-json\/wp\/v2\/users\/1"}],"replies":[{"embeddable":true,"href":"https:\/\/aqb.hu\/hu\/wp-json\/wp\/v2\/comments?post=294"}],"version-history":[{"count":13,"href":"https:\/\/aqb.hu\/hu\/wp-json\/wp\/v2\/pages\/294\/revisions"}],"predecessor-version":[{"id":17422,"href":"https:\/\/aqb.hu\/hu\/wp-json\/wp\/v2\/pages\/294\/revisions\/17422"}],"wp:attachment":[{"href":"https:\/\/aqb.hu\/hu\/wp-json\/wp\/v2\/media?parent=294"}],"curies":[{"name":"wp","href":"https:\/\/api.w.org\/{rel}","templated":true}]}}

Sajtó archívum

<div class="wp-block-columns is-layout-flex wp-container-core-columns-is-layout-9d6595d7 wp-block-columns-is-layout-flex">
<div class="wp-block-column is-layout-flow wp-block-column-is-layout-flow">
<figure class="wp-block-embed is-type-video is-provider-youtube wp-block-embed-youtube wp-embed-aspect-16-9 wp-has-aspect-ratio"><div class="wp-block-embed__wrapper">
<iframe loading="lazy" title="Art Quarter közösségi tér" width="640" height="360" src="https://www.youtube.com/embed/Quoqsrxyv8k?feature=oembed" frameborder="0" allow="accelerometer; autoplay; clipboard-write; encrypted-media; gyroscope; picture-in-picture; web-share" referrerpolicy="strict-origin-when-cross-origin" allowfullscreen></iframe>
</div></figure>
</div>



<div class="wp-block-column is-layout-flow wp-block-column-is-layout-flow">
<figure class="wp-block-embed is-type-video is-provider-youtube wp-block-embed-youtube wp-embed-aspect-16-9 wp-has-aspect-ratio"><div class="wp-block-embed__wrapper">
<iframe loading="lazy" title="Vizualitás és kultúraközvetítés Budapesten  – Art Quarter Budapest" width="640" height="360" src="https://www.youtube.com/embed/DGc06niJHww?feature=oembed" frameborder="0" allow="accelerometer; autoplay; clipboard-write; encrypted-media; gyroscope; picture-in-picture; web-share" referrerpolicy="strict-origin-when-cross-origin" allowfullscreen></iframe>
</div></figure>
</div>



<div class="wp-block-column is-layout-flow wp-block-column-is-layout-flow">
<figure class="wp-block-embed is-type-video is-provider-youtube wp-block-embed-youtube wp-embed-aspect-16-9 wp-has-aspect-ratio"><div class="wp-block-embed__wrapper">
<iframe loading="lazy" title="&quot;Biztos, hogy kiszállsz?&quot; - válogatott nemzetközi kiállítás az ArtQuarter Budapestben" width="640" height="360" src="https://www.youtube.com/embed/WMIpTUgZL0I?feature=oembed" frameborder="0" allow="accelerometer; autoplay; clipboard-write; encrypted-media; gyroscope; picture-in-picture; web-share" referrerpolicy="strict-origin-when-cross-origin" allowfullscreen></iframe>
</div></figure>
</div>
</div>



<p><a rel="noreferrer noopener" href="https://exindex.hu/kritika/a-technikai-kep-ikonologiaja/" data-type="URL" data-id="https://exindex.hu/kritika/a-technikai-kep-ikonologiaja/" target="_blank">Hornyik Sándor: A technikai kép ikonológiája &#8211; Harun Farocki Ahogy látunk című kiállítása (exindex)</a></p>



<p><a rel="noreferrer noopener" href="https://amu.hvg.hu/2022/09/22/munka-megfigyeles-es-haboru-harun-farocki-az-aqb-ben/" target="_blank">Bihari Ágnes: Munka, megfigyelés és háború. Harun Farocki az aqb-ben (A mű)</a></p>



<p><a rel="noreferrer noopener" href="https://artportal.hu/magazin/a-szem-mutatja-mibol-vagyunk-harun-farocki-az-aqb-ben/" target="_blank">Borsik Miklós: „A szem mutatja, miből vagyunk” – Harun Farocki az AQB-ben (artportal)</a></p>



<p><a rel="noreferrer noopener" href="https://artportal.hu/program/are-you-sure-you-want-to-leave/" target="_blank">ARE YOU SURE YOU WANT TO LEAVE? (artportal)</a></p>



<p><a href="https://ujmuveszet.hu/kunszt/kerem-vigyazzanak-az-ajtok-zarodnak/" target="_blank" rel="noreferrer noopener">Sárai Vanda: Kérem, vigyázzanak, az ajtók záródnak! Are you sure you want to leave? @ art quarter Budapest (ÚjMűvészet)</a></p>



<p><a href="http://www.aoe-ratgeber.at/hu/osztrak-kulturalis-forum-budapest/rendezvenyeink/esemeny/article/biztos-hogy-kiszallsz/" target="_blank" rel="noreferrer noopener">Osztrák Kulturális Fórum Budapest &#8211; BIZTOS, HOGY KISZÁLLSZ?</a></p>



<p><a href="https://exindex.hu/kritika/apokaliptikus-szimulaciok/" data-type="URL" data-id="https://exindex.hu/kritika/apokaliptikus-szimulaciok/" target="_blank" rel="noreferrer noopener">Hornyik Sándor: Apokaliptikus szimulációk. Atemwende Drezdában és Budapesten (exindex)</a></p>



<p><a rel="noreferrer noopener" href="https://artportal.hu/magazin/kelet-mult-jovo-a-drezdai-ostrale-biennale-021-szatelit-kiallitasa-az-aqb-ben/" target="_blank">Tóth Lili Rebeka: Kelet, múlt, jövő — a drezdai OSTRALE Biennale 021 szatelit kiállítása az AQB-ben (artportal)</a></p>



<p><a href="https://artportal.hu/magazin/meneteles-az-igeret-foldje-fele-techno-worlds-aqb/" data-type="URL" data-id="https://artportal.hu/magazin/meneteles-az-igeret-foldje-fele-techno-worlds-aqb/" target="_blank" rel="noreferrer noopener">Tóth Lili Rebeka: Menetelés az Ígéret földje felé. Techno Worlds, aqb (artportal)</a></p>



<p><a rel="noreferrer noopener" href="https://artportal.hu/magazin/felkavaro-jovokepek-a-melyben/" data-type="URL" data-id="https://artportal.hu/magazin/felkavaro-jovokepek-a-melyben/" target="_blank">Soós Andrea: Felkavaró jövőképek a mélyben (artportal)</a> </p>



<p><a href="https://artportal.hu/magazin/aqb-open-house-muvhaz-a-varos-szelen/" data-type="URL" data-id="https://artportal.hu/magazin/aqb-open-house-muvhaz-a-varos-szelen/" target="_blank" rel="noreferrer noopener">Erdei Kriszta: AQB Open House: művház a város szélén (artportal)</a></p>



<p><a href="https://ujmuveszet.hu/kunszt/techno-technobb-legtechnobb/" data-type="URL" data-id="https://ujmuveszet.hu/kunszt/techno-technobb-legtechnobb/" target="_blank" rel="noreferrer noopener">Sárai Vanda: Techno, technóbb, legtechnóbb &#8211; Techno Worlds (ÚjMűvészet)</a></p>



<p><a href="http://artkartell.hu/component/k2/421-techno-kult-a-pincetol-a-padlasig" data-type="URL" data-id="http://artkartell.hu/component/k2/421-techno-kult-a-pincetol-a-padlasig" target="_blank" rel="noreferrer noopener">Kállai M. Kata: Techno kult a pincétől a padlásig (Artkartell)</a></p>



<p><a rel="noreferrer noopener" href="https://www.prae.hu/article/12366-a-techno-mint-eleterzes/" data-type="URL" data-id="https://www.prae.hu/article/12366-a-techno-mint-eleterzes/" target="_blank">Hont Jázmin: A techno mint életérzés &#8211; Utózengés: a Techno Worldsről az Art Quarter Budapestben (Prae)</a></p>



<p><a href="https://www.artmagazin.hu/articles/hir/budapesten_kezdi_meg_vilagkoruli_utjat_a_nemzetkozi_jelentosegu_techno_kiallitas_mar_latogathato_a_techno_worlds" data-type="URL" data-id="https://www.artmagazin.hu/articles/hir/budapesten_kezdi_meg_vilagkoruli_utjat_a_nemzetkozi_jelentosegu_techno_kiallitas_mar_latogathato_a_techno_worlds" target="_blank" rel="noreferrer noopener">Budapesten kezdi meg világkörüli útját a nemzetközi jelentőségű techno kiállítás – már látogatható a Techno Worlds (Artmagazin)</a></p>



<p><a rel="noreferrer noopener" href="https://phenom.hu/budapesten-jon-letre-eloszor-az-a-negy-emeleten-megvalosulo-kiallitas-ami-a-technoval-kapcsolatos-temakat-es-diskurzusokat-jarja-korul/" data-type="URL" data-id="https://phenom.hu/budapesten-jon-letre-eloszor-az-a-negy-emeleten-megvalosulo-kiallitas-ami-a-technoval-kapcsolatos-temakat-es-diskurzusokat-jarja-korul/" target="_blank">TECHNO WORLDS (Phenom)</a></p>



<p><a href="https://tilos.hu/episode/megtervezett-valosag/2021/08/31" data-type="URL" data-id="https://tilos.hu/episode/megtervezett-valosag/2021/08/31" target="_blank" rel="noreferrer noopener">Kint és bent &#8211; Techno Worlds (Tilos Rádió)</a></p>

<p>Hornyik Sándor: A technikai kép ikonológiája &#8211; Harun Farocki Ahogy látunk című kiállítása (exindex) Bihari Ágnes: Munka, megfigyelés és háború. Harun Farocki az aqb-ben (A mű) Borsik Miklós: „A szem mutatja, miből vagyunk” – Harun Farocki az AQB-ben (artportal) ARE YOU SURE YOU WANT TO LEAVE? (artportal) Sárai Vanda: Kérem, vigyázzanak, az ajtók záródnak! Are [&hellip;]</p>
