{"id":15588,"date":"2025-01-21T11:14:19","date_gmt":"2025-01-21T11:14:19","guid":{"rendered":"https:\/\/aqb.hu\/?post_type=opencall&#038;p=15588"},"modified":"2025-01-21T11:14:19","modified_gmt":"2025-01-21T11:14:19","slug":"akademie-schloss-solitude-felhivas-2025","status":"publish","type":"opencall","link":"https:\/\/aqb.hu\/hu\/opencall\/akademie-schloss-solitude-felhivas-2025\/","title":{"rendered":"AKADEMIE SCHLOSS SOLITUDE FELH\u00cdV\u00c1S &#8211; 2025"},"content":{"rendered":"<p>Folytat\u00f3dik az art quarter budapest k\u00f6z\u00f6s m\u0171v\u00e9szcsere programja Eur\u00f3pa egyik legjelent\u0151sebb m\u0171teremh\u00e1z\u00e1val \u00e9s m\u0171v\u00e9szeti\u00a0 k\u00f6zpontj\u00e1val, a stuttgarti Akademie Schloss Solitude-del. Az egy\u00fcttm\u0171k\u00f6d\u00e9s \u00e9rtelm\u00e9ben id\u00e9n egy hazai m\u0171v\u00e9sz h\u00e1rom\u00a0 h\u00f3napos alkot\u00f3i \u00f6szt\u00f6nd\u00edjat nyer a Schloss Solitude-be, amelyre ezennel p\u00e1ly\u00e1zatot hirdet\u00fcnk.<\/p>\n\n\n\n<h2 class=\"wp-block-heading\">P\u00e1ly\u00e1zati felt\u00e9telek<\/h2>\n\n\n\n<p>A m\u0171v\u00e9szeti rezidenci\u00e1ra Magyarorsz\u00e1gon \u00e9l\u0151, illetve a hazai szc\u00e9n\u00e1ban mark\u00e1nsan jelen l\u00e9v\u0151 k\u00e9pz\u0151m\u0171v\u00e9szek,  performance \u00e9s\u00a0kort\u00e1rs t\u00e1nc ter\u00fclet\u00e9n alkot\u00f3 m\u0171v\u00e9szek p\u00e1ly\u00e1zhatnak. A p\u00e1ly\u00e1zaton val\u00f3 r\u00e9szv\u00e9tel nem korhat\u00e1rhoz k\u00f6t\u00f6tt, de alap- \u00e9s mesterk\u00e9pz\u00e9ses egyetemi hallgat\u00f3k nem p\u00e1ly\u00e1zhatnak.\u00a0 Az \u00f6szt\u00f6nd\u00edj 2025 szeptember \u00e9s november k\u00f6z\u00f6tti id\u0151szakra sz\u00f3l.\u00a0<\/p>\n\n\n\n<p>A beny\u00fajtand\u00f3 p\u00e1ly\u00e1zati anyagnak tartalmaznia kell:&nbsp;<\/p>\n\n\n\n<p>\u2022 Angol nyelv\u0171 szakmai \u00f6n\u00e9letrajzot&nbsp;<\/p>\n\n\n\n<p>\u2022 Angol nyelv\u0171 digit\u00e1lis portf\u00f3li\u00f3t&nbsp;&nbsp;<\/p>\n\n\n\n<p>\u2022 Legfeljebb k\u00e9t oldal terjedelm\u0171 szakmai tervet angol nyelven, amelyben a p\u00e1ly\u00e1z\u00f3 ismerteti a rezidencia programra vonatkoz\u00f3&nbsp; terv\u00e9t, projekt\u00f6tlet\u00e9t.<\/p>\n\n\n\n<h2 class=\"wp-block-heading\">Szakmai zs\u0171ri<\/h2>\n\n\n\n<p>Miriam Bruns, a budapesti Goethe-Institut igazgat\u00f3ja&nbsp;<br>Dr. Tim\u00e1r Katalin, a Ludwig M\u00fazeum &#8211; Kort\u00e1rs M\u0171v\u00e9szeti M\u00fazeum kur\u00e1tora&nbsp;<br>Dr. Kukla Kriszti\u00e1n, az art quarter budapest m\u0171v\u00e9szeti vezet\u0151je&nbsp;<\/p>\n\n\n\n<p>A tov\u00e1bbjut\u00f3 p\u00e1ly\u00e1zatokb\u00f3l az Akademie Schloss Solitude munkat\u00e1rsai v\u00e1lasztj\u00e1k ki a nyertest.<\/p>\n\n\n\n<h2 class=\"wp-block-heading\">A 3 h\u00f3napos \u00f6szt\u00f6nd\u00edj r\u00e9szletei&nbsp;<\/h2>\n\n\n\n<p>\u2022 priv\u00e1t st\u00fadi\u00f3lak\u00e1s az Akademie Schloss Solitude \u00e9p\u00fclet\u00e9ben (felszerelt konyha, f\u00fcrd\u0151szoba, h\u00e1l\u00f3- \u00e9s alkot\u00f3t\u00e9r)&nbsp;<\/p>\n\n\n\n<p>\u2022 havi 1200 EUR \u00f6szt\u00f6nd\u00edj&nbsp;<\/p>\n\n\n\n<p>\u2022 utaz\u00e1si k\u00f6lts\u00e9gek (egyszeri oda-vissza \u00fat)&nbsp;<\/p>\n\n\n\n<p>\u2022 biztos\u00edt\u00e1s&nbsp; <\/p>\n\n\n\n<p>\u2022 projektfinansz\u00edroz\u00e1s (a konkr\u00e9t megval\u00f3sul\u00e1sr\u00f3l az \u00f6szt\u00f6nd\u00edjas, az aqb \u00e9s a Solitude egyeztetnek)<\/p>\n\n\n\n<h2 class=\"wp-block-heading\">Jelentkez\u00e9s<\/h2>\n\n\n\n<p>A p\u00e1ly\u00e1zati anyagot az al\u00e1bbi \u0171rlap kit\u00f6lt\u00e9s\u00e9vel lehet beny\u00fajtani: <a href=\"https:\/\/forms.gle\/QNSdmLTQypHg5T6e9\">https:\/\/forms.gle\/QNSdmLTQypHg5T6e9<\/a><\/p>\n\n\n\n<h2 class=\"wp-block-heading\">Jelentkez\u00e9si hat\u00e1rid\u0151: 2025 m\u00e1rcius 15. (szombat) \u00e9jf\u00e9l<\/h2>\n\n\n\n<p><\/p>\n\n\n\n<p>A p\u00e1ly\u00e1z\u00f3k v\u00e1llalj\u00e1k a p\u00e1ly\u00e1zat ki\u00edr\u00f3j\u00e1val val\u00f3 egy\u00fcttm\u0171k\u00f6d\u00e9st, a sz\u00fcks\u00e9ges inform\u00e1ci\u00f3k rendelkez\u00e9sre bocs\u00e1t\u00e1s\u00e1t, a hat\u00e1rid\u0151k betart\u00e1s\u00e1t. A p\u00e1ly\u00e1z\u00f3k elfogadj\u00e1k a&nbsp; szakmai zs\u0171ri d\u00f6nt\u00e9s\u00e9t, illetve azt, hogy a zs\u0171ri a sikertelen p\u00e1ly\u00e1zatokra vonatkoz\u00f3 d\u00f6nt\u00e9s\u00e9t nem indokolja. A p\u00e1ly\u00e1z\u00f3k elfogadj\u00e1k, hogy adatszolg\u00e1ltat\u00e1suk \u00f6nk\u00e9ntes&nbsp; \u00e9s p\u00e1ly\u00e1zatuk bead\u00e1s\u00e1val hozz\u00e1j\u00e1rulnak, hogy a szervez\u0151k szem\u00e9lyes adataikat kezelj\u00e9k a p\u00e1ly\u00e1zat elb\u00edr\u00e1l\u00e1s\u00e1nak ideje alatt. A p\u00e1ly\u00e1z\u00f3k r\u00e9szv\u00e9tel\u00fckkel elismerik \u00e9s&nbsp; tudom\u00e1sul veszik a r\u00e9szv\u00e9teli felt\u00e9teleket. Ezek megszeg\u00e9se a p\u00e1ly\u00e1zatb\u00f3l val\u00f3 kiz\u00e1r\u00e1st vonhatja maga ut\u00e1n. A p\u00e1ly\u00e1zati t\u00e1mogat\u00e1s \u00e9s az egy\u00fcttm\u0171k\u00f6d\u00e9s r\u00e9szleteir\u0151l a&nbsp; szervez\u0151k a nyertes p\u00e1ly\u00e1z\u00f3val k\u00fcl\u00f6n meg\u00e1llapod\u00e1st k\u00f6tnek. A p\u00e1ly\u00e1z\u00f3k elfogadj\u00e1k, hogy a r\u00e9szv\u00e9tel felt\u00e9teleit a szervez\u0151k indokolt esetben megv\u00e1ltoztathatj\u00e1k.<\/p>","protected":false},"featured_media":0,"template":"","class_list":["post-15588","opencall","type-opencall","status-publish","hentry"],"acf":[],"_links":{"self":[{"href":"https:\/\/aqb.hu\/hu\/wp-json\/wp\/v2\/opencall\/15588","targetHints":{"allow":["GET"]}}],"collection":[{"href":"https:\/\/aqb.hu\/hu\/wp-json\/wp\/v2\/opencall"}],"about":[{"href":"https:\/\/aqb.hu\/hu\/wp-json\/wp\/v2\/types\/opencall"}],"wp:attachment":[{"href":"https:\/\/aqb.hu\/hu\/wp-json\/wp\/v2\/media?parent=15588"}],"curies":[{"name":"wp","href":"https:\/\/api.w.org\/{rel}","templated":true}]}}

AKADEMIE SCHLOSS SOLITUDE FELHÍVÁS &#8211; 2025

<p>Folytatódik az art quarter budapest közös művészcsere programja Európa egyik legjelentősebb műteremházával és művészeti  központjával, a stuttgarti Akademie Schloss Solitude-del. Az együttműködés értelmében idén egy hazai művész három  hónapos alkotói ösztöndíjat nyer a Schloss Solitude-be, amelyre ezennel pályázatot hirdetünk.</p>



<h2 class="wp-block-heading">Pályázati feltételek</h2>



<p>A művészeti rezidenciára Magyarországon élő, illetve a hazai szcénában markánsan jelen lévő képzőművészek,  performance és kortárs tánc területén alkotó művészek pályázhatnak. A pályázaton való részvétel nem korhatárhoz kötött, de alap- és mesterképzéses egyetemi hallgatók nem pályázhatnak.  Az ösztöndíj 2025 szeptember és november közötti időszakra szól. </p>



<p>A benyújtandó pályázati anyagnak tartalmaznia kell:&nbsp;</p>



<p>• Angol nyelvű szakmai önéletrajzot&nbsp;</p>



<p>• Angol nyelvű digitális portfóliót&nbsp;&nbsp;</p>



<p>• Legfeljebb két oldal terjedelmű szakmai tervet angol nyelven, amelyben a pályázó ismerteti a rezidencia programra vonatkozó&nbsp; tervét, projektötletét.</p>



<h2 class="wp-block-heading">Szakmai zsűri</h2>



<p>Miriam Bruns, a budapesti Goethe-Institut igazgatója&nbsp;<br>Dr. Timár Katalin, a Ludwig Múzeum &#8211; Kortárs Művészeti Múzeum kurátora&nbsp;<br>Dr. Kukla Krisztián, az art quarter budapest művészeti vezetője&nbsp;</p>



<p>A továbbjutó pályázatokból az Akademie Schloss Solitude munkatársai választják ki a nyertest.</p>



<h2 class="wp-block-heading">A 3 hónapos ösztöndíj részletei&nbsp;</h2>



<p>• privát stúdiólakás az Akademie Schloss Solitude épületében (felszerelt konyha, fürdőszoba, háló- és alkotótér)&nbsp;</p>



<p>• havi 1200 EUR ösztöndíj&nbsp;</p>



<p>• utazási költségek (egyszeri oda-vissza út)&nbsp;</p>



<p>• biztosítás&nbsp; </p>



<p>• projektfinanszírozás (a konkrét megvalósulásról az ösztöndíjas, az aqb és a Solitude egyeztetnek)</p>



<h2 class="wp-block-heading">Jelentkezés</h2>



<p>A pályázati anyagot az alábbi űrlap kitöltésével lehet benyújtani: <a href="https://forms.gle/QNSdmLTQypHg5T6e9">https://forms.gle/QNSdmLTQypHg5T6e9</a></p>



<h2 class="wp-block-heading">Jelentkezési határidő: 2025 március 15. (szombat) éjfél</h2>



<p></p>



<p>A pályázók vállalják a pályázat kiírójával való együttműködést, a szükséges információk rendelkezésre bocsátását, a határidők betartását. A pályázók elfogadják a&nbsp; szakmai zsűri döntését, illetve azt, hogy a zsűri a sikertelen pályázatokra vonatkozó döntését nem indokolja. A pályázók elfogadják, hogy adatszolgáltatásuk önkéntes&nbsp; és pályázatuk beadásával hozzájárulnak, hogy a szervezők személyes adataikat kezeljék a pályázat elbírálásának ideje alatt. A pályázók részvételükkel elismerik és&nbsp; tudomásul veszik a részvételi feltételeket. Ezek megszegése a pályázatból való kizárást vonhatja maga után. A pályázati támogatás és az együttműködés részleteiről a&nbsp; szervezők a nyertes pályázóval külön megállapodást kötnek. A pályázók elfogadják, hogy a részvétel feltételeit a szervezők indokolt esetben megváltoztathatják.</p>
